/(6/23)?
22
Suppose 3*s + 1 = 10. Suppose 0 = 2*d + s*d + 30. Calculate the remainder when 6 is divided by -1 - -3 - (4 + d).
2
Let r be (30/(-50))/(2 + 31/(-15)). Suppose 11*n - r*n - 98 = 0. Calculate the remainder when n is divided by 17.
15
Suppose 2*m - t = -30, -m + 0*m + 5*t = 24. Let b(a) = 4*a + 64. Calculate the remainder when 21 is divided by b(m).
5
Let g(h) = 18*h**3 - h**2 - h. Let i be g(2). What is the remainder when i/9*(2 - (-3)/(-6)) is divided by 6?
5
Let x = 14 - -9. Suppose -h + 0*h = -x. Calculate the remainder when h is divided by 8.
7
Let o(m) = -4*m + 4 + 6*m - 4*m. Let q be o(-7). What is the remainder when 16 is divided by (2*q/(-4))/(-1)?
7
Suppose -26*d = -15*d - 561. Calculate the remainder when d is divided by 15.
6
Suppose -3*t + 252 = -t. Suppose 101 = 2*b - 3*z, -b + 0*b = 2*z - 47. Calculate the remainder when (-112)/(-6)*t/b is divided by 13.
9
Suppose -2*h + 0*d + 40 = -5*d, -4*d - 16 = 0. Suppose 4*k = -5*m - 65, 3*k + 4*m - 8 + 56 = 0. Calculate the remainder when 11 is divided by (-4)/k + 38/h.
3
Suppose 0 = -f - 69. Let h = -5 - f. Calculate the remainder when h is divided by 33.
31
Let s = 1063 + -452. Calculate the remainder when s is divided by 36.
35
Let u = 46 + -26. Let j = 37 - u. What is the remainder when 2/(-7) + (-1056)/(-21) is divided by j?
16
Suppose 0*v - 2*v = 4*x + 446, 3*x = 0. Let d = -128 - v. Calculate the remainder when d is divided by 24.
23
Suppose 0 = -0*y - 2*y - 2. Let f be y/3 - (-91)/39. Suppose 0 = f*u - 6*u + 72. Calculate the remainder when 51 is divided by u.
15
Let x(j) = -5*j + 59. Calculate the remainder when 54 is divided by x(9).
12
Suppose 5*d + 59 = 2*w, -2*d = 2*d - 4. Suppose 0 = -5*l + 3*r - 110, 2*l + 4*r = -0 - 44. Let h = l + w. Calculate the remainder when 19 is divided by h.
9
Let b(f) = f**2 - 2*f + 2. Let k be b(3). Suppose -k*q = q - 42. What is the remainder when 12 is divided by q?
5
Let u(p) = -p**3 + 11*p**2 - 13*p + 33. Let m be u(10). Let z(d) = d - 2*d - 2 + 7*d. Calculate the remainder when 29 is divided by z(m).
13
Let h = 51 + 17. Let z = 75 + -71. Suppose -m - z*u + 34 = 0, 4*m + 3*u - 46 = 5*u. What is the remainder when h is divided by m?
12
Suppose 51*m - 50*m - 193 = 0. What is the remainder when m is divided by 39?
37
Let x(w) = 7*w**2 - 34*w - 251. What is the remainder when x(-7) is divided by 37?
34
Let o(m) = m**3 - 2*m**2 - 3*m + 4. Let r be o(3). Suppose 0*z + 20 = r*z. Suppose 0 = z*j - j - 32. What is the remainder when 13 is divided by j?
5
Suppose 5*s - 25 = 0, -5*u = -7*u + 4*s - 4. Calculate the remainder when 26 is divided by u.
2
Let j = 40 - 58. Let a(o) = o + 44. Suppose -10 = -2*i + 8. Calculate the remainder when a(j) is divided by i.
8
Let m be (-2)/(-6) - (-92)/3. Let a = m + -16. Let o(j) = -j**2 + 16*j - 4. Calculate the remainder when 19 is divided by o(a).
8
What is the remainder when 87 is divided by 3 + (-6)/3 + 36 + -2?
17
Let s = 11 - 30. What is the remainder when 5 is divided by 4/(-12) - (1 + s/3)?
0
Let i(s) = -19*s + 4. Let o(q) = -9*q + 2. Let w(m) = -4*i(m) + 9*o(m). Let l be w(-3). Let k = 35 - l. Calculate the remainder when 33 is divided by k.
15
Suppose 650 + 262 = 16*q. What is the remainder when 159 is divided by q?
45
Let j = -54 + 79. Suppose 0 = j*v - 30*v + 65. What is the remainder when v is divided by 4/14 + (-108)/(-14)?
5
Calculate the remainder when (-11 - -12)*((65 - -1) + 1) is divided by 35.
32
Let c(s) = 17*s**2 - 3*s - 1. Suppose -2*x = -4 - 20. Let w(o) = o + 7. Calculate the remainder when c(-2) is divided by w(x).
16
Let v(y) = -2*y**3 - 29*y**2 - 18*y - 34. What is the remainder when v(-14) is divided by 4?
2
Let u be (-15)/(-20) - 458/(-8)*1. Suppose -n = -l + 2*l - u, 4*l = -3*n + 228. What is the remainder when l is divided by 28?
26
Suppose -2*o + 73 = 1. Let s = 53 - o. Calculate the remainder when 50 is divided by s.
16
Let x be -3 + 18 - (-1 - 3). Let o = 25 - x. What is the remainder when 35 is divided by ((-4)/o)/(1/(-18))?
11
Let j(i) = -i + 23. Let a be -19 + 36/8*6/9. What is the remainder when j(a) is divided by 14?
11
Suppose -2*q = 3*f - 31, 0*q - 4*q - 59 = -5*f. Suppose -4*a = -f - 161. Calculate the remainder when a is divided by 11.
10
Suppose -68 = 395*l - 399*l. Calculate the remainder when 337 is divided by l.
14
Let j be (-2)/(-7) - (-4365)/35. Suppose -2*v - 5*l = 3*v - j, -4*l = 20. Suppose 0*a - 3*a + v = 0. What is the remainder when 29 is divided by a?
9
Suppose -3*j - 2*j - f + 800 = 0, -j + 2*f = -149. Calculate the remainder when j is divided by 41.
36
Let p(i) = 4*i + 96. Calculate the remainder when 137 is divided by p(-15).
29
Let j(n) = -n**3 + 3*n - 2. Let u be j(2). Calculate the remainder when 25 is divided by ((-14)/u)/(4/8).
4
Suppose -3*a + 7*a - 76 = 0. Suppose 0*j = 2*j - 8. Suppose -3*r + j*h - 5*h + 214 = 0, -2*h = 2*r - 136. What is the remainder when r is divided by a?
16
Suppose 5*z - 16 = -2*u, -3*z + 2*u - 4*u = -12. Suppose 5*d = 4*g - 66, g + 5*d + 85 = 6*g. Let w = g + z. What is the remainder when 41 is divided by w?
20
Let s(u) = -10*u - 37. Calculate the remainder when 62 is divided by s(-5).
10
Suppose -58 = -3*a + 5*s, a + 2*s - 7 = 16. What is the remainder when 22 is divided by a?
1
Let w = 9 + -14. Let r(n) be the third derivative of -n**4/8 + 4*n**3/3 + n**2. What is the remainder when 91 is divided by r(w)?
22
Let c = -10 + 11. Let k be -12*(2/(-4) - c). Suppose -6*o - k = -9*o. Calculate the remainder when 22 is divided by o.
4
What is the remainder when (1179/27 + 4)*(-1 + 4) is divided by 18?
17
Suppose -4*f + 172 = -4*x, 6*x - x + 121 = 3*f. What is the remainder when 182 is divided by f?
41
Let x(a) = 2*a - 3. Let h(n) be the third derivative of n**4/12 - n**3/2 + n**2. Let k(v) = 3*h(v) - 4*x(v). Calculate the remainder when k(-5) is divided by 8.
5
Let h(p) be the first derivative of 2*p**3/3 + 7*p**2/2 + 5*p + 3. Let b(u) be the first derivative of h(u). What is the remainder when b(6) is divided by 8?
7
Let k(i) = i**2 - 6*i + 3. Suppose 5*b - 35 = 15. What is the remainder when k(b) is divided by 15?
13
Let n(d) = -8*d**3 + 3*d**2 - 2*d - 4. What is the remainder when 87 is divided by n(-1)?
6
Let p = 36 - 4. Suppose -3*x + 311 = p. What is the remainder when x is divided by -1*-1*26 - 2?
21
Let i(v) = -v**2 + v - 1. Let y(k) = 3*k**2 - 24*k - 13. Let d(b) = 4*i(b) + y(b). Calculate the remainder when d(-13) is divided by 0/1 - 38/(-2).
17
Suppose 5*u + 3 = -2*g + 11, 0 = 4*g - 5*u + 14. Suppose 2*k - k = 10. Calculate the remainder when 14/(g + 45/35) is divided by k.
9
Suppose 0*r = 3*r - 114. Suppose -5*m = -4*o - 17, 0 = -6*o + 4*o - m + 9. Calculate the remainder when r is divided by 3*o/(-6) + 15.
10
Let l(b) = b**3 - 5*b**2 - 7*b + 6. Let y be l(7). Let f = 261 - y. Calculate the remainder when 38 is divided by 3/(-5) - f/(-10).
18
Suppose 4*j + 3*w + 17 = 175, 5*w = -10. What is the remainder when 80 is divided by j?
39
Suppose -4*n + 95 = n. Suppose 2*u = -769 + 953. What is the remainder when u is divided by n?
16
Let o = -12 + 69. Suppose f = -4*f + 145. What is the remainder when o is divided by f?
28
Let y be 544/24 - (-12)/9. Suppose -3*m - m + y = -3*h, 8 = -4*m - 5*h. Suppose -c = -m*c + 22. What is the remainder when 38 is divided by c?
5
Let b(i) = -12*i - 1. Suppose y - 5*d + 17 = 0, -59 = 7*y - 2*y + d. Let g be 6/(-14) - y/(-21). What is the remainder when 43 is divided by b(g)?
10
Let i(y) = -3*y - 3. Let d be 34/85 - 122/5. Let m = d + 13. What is the remainder when i(m) is divided by 11?
8
Let s = -269 - -151. Let m = 158 + s. Calculate the remainder when m is divided by 22.
18
Suppose 2214 = 64*w - 2458. Calculate the remainder when 140 is divided by w.
67
Let g(m) = -804*m + 101. Calculate the remainder when g(-1) is divided by 151.
150
Suppose -3 = -w + 3. Suppose -3*j + w = -0*j. Suppose -5*x + j*y = -4*x - 23, -2*x + y + 49 = 0. What is the remainder when 72 is divided by x?
22
Let w(z) be the third derivative of -1/120*z**6 + 0*z + z**2 + 5/24*z**4 + 0 + 1/2*z**3 - 1/15*z**5. What is the remainder when w(-6) is divided by 16?
13
Suppose 17*n - 2855 = 7090. What is the remainder when n is divided by 59?
54
Let o = 11 - -10. Suppose -5*p + 50 = -f, -28 = 5*p + f - 88. What i